{"id":6022,"date":"2022-11-21T15:12:39","date_gmt":"2022-11-21T14:12:39","guid":{"rendered":"http:\/\/nikipholie.eu\/produit\/un-double-regard-sur-2000-ans-dart-wallon-sous-la-direction-disabelle-gerard\/"},"modified":"2023-09-11T16:25:35","modified_gmt":"2023-09-11T14:25:35","slug":"un-double-regard-sur-2000-ans-dart-wallon-sous-la-direction-disabelle-gerard","status":"publish","type":"product","link":"https:\/\/nikipholie.eu\/en\/product\/un-double-regard-sur-2000-ans-dart-wallon-sous-la-direction-disabelle-gerard\/","title":{"rendered":"&#8220;Un double regard sur 2000 ans d&#8217;art wallon&#8221; sous la direction d&#8217;Isabelle G\u00e9rard"},"content":{"rendered":"<p>Tr\u00e8s beau livre sur le patrimoine wallon : peinture, orf\u00e8vrerie, mobilier, textiles, estampe, dentelles, verre,&#8230;.<\/p>\n<p>Edition cartonn\u00e9e de 568 pages.<\/p>\n<p>Ed. Renaissance du livre, collection R\u00e9f\u00e9rences.<\/p>\n<p>Tr\u00e8s bel \u00e9tat.<\/p>\n<p>&nbsp;<\/p>\n","protected":false},"excerpt":{"rendered":"<p>Tr\u00e8s beau livre sur le patrimoine wallon : peinture, orf\u00e8vrerie, mobilier, textiles, estampe, dentelles, verre,&#8230;. Edition cartonn\u00e9e de 568 pages. Ed. Renaissance du livre, collection R\u00e9f\u00e9rences. Tr\u00e8s bel \u00e9tat. &nbsp;<\/p>\n","protected":false},"featured_media":5995,"comment_status":"open","ping_status":"closed","template":"","meta":[],"product_cat":[365],"product_tag":[1185,1186,850,1187,998],"yoast_head":"<!-- This site is optimized with the Yoast SEO plugin v17.6 - https:\/\/yoast.com\/wordpress\/plugins\/seo\/ -->\n<title>&quot;Un double regard sur 2000 ans d&#039;art wallon&quot; sous la direction d&#039;Isabelle G\u00e9rard - Niki Pholie<\/title>\n<meta name=\"robots\" content=\"index, follow, max-snippet:-1, max-image-preview:large, max-video-preview:-1\" \/>\n<link rel=\"canonical\" href=\"https:\/\/nikipholie.eu\/en\/product\/un-double-regard-sur-2000-ans-dart-wallon-sous-la-direction-disabelle-gerard\/\" \/>\n<meta property=\"og:locale\" content=\"en_US\" \/>\n<meta property=\"og:type\" content=\"article\" \/>\n<meta property=\"og:title\" content=\"&quot;Un double regard sur 2000 ans d&#039;art wallon&quot; sous la direction d&#039;Isabelle G\u00e9rard - Niki Pholie\" \/>\n<meta property=\"og:description\" content=\"Tr\u00e8s beau livre sur le patrimoine wallon : peinture, orf\u00e8vrerie, mobilier, textiles, estampe, dentelles, verre,&#8230;. Edition cartonn\u00e9e de 568 pages. Ed. Renaissance du livre, collection R\u00e9f\u00e9rences. Tr\u00e8s bel \u00e9tat. &nbsp;\" \/>\n<meta property=\"og:url\" content=\"https:\/\/nikipholie.eu\/en\/product\/un-double-regard-sur-2000-ans-dart-wallon-sous-la-direction-disabelle-gerard\/\" \/>\n<meta property=\"og:site_name\" content=\"Niki Pholie\" \/>\n<meta property=\"article:modified_time\" content=\"2023-09-11T14:25:35+00:00\" \/>\n<meta property=\"og:image\" content=\"http:\/\/nikipholie.eu\/wp-content\/uploads\/2022\/11\/IMG_0489-scaled.jpeg\" \/>\n\t<meta property=\"og:image:width\" content=\"1920\" \/>\n\t<meta property=\"og:image:height\" content=\"2560\" \/>\n<meta name=\"twitter:card\" content=\"summary_large_image\" \/>\n<script type=\"application\/ld+json\" class=\"yoast-schema-graph\">{\"@context\":\"https:\/\/schema.org\",\"@graph\":[{\"@type\":\"WebSite\",\"@id\":\"https:\/\/nikipholie.eu\/#website\",\"url\":\"https:\/\/nikipholie.eu\/\",\"name\":\"Niki Pholie\",\"description\":\"Art ancien - Art contemporain\",\"potentialAction\":[{\"@type\":\"SearchAction\",\"target\":{\"@type\":\"EntryPoint\",\"urlTemplate\":\"https:\/\/nikipholie.eu\/?s={search_term_string}\"},\"query-input\":\"required name=search_term_string\"}],\"inLanguage\":\"en-US\"},{\"@type\":\"ImageObject\",\"@id\":\"https:\/\/nikipholie.eu\/en\/product\/un-double-regard-sur-2000-ans-dart-wallon-sous-la-direction-disabelle-gerard\/#primaryimage\",\"inLanguage\":\"en-US\",\"url\":\"https:\/\/nikipholie.eu\/wp-content\/uploads\/2022\/11\/IMG_0489-scaled.jpeg\",\"contentUrl\":\"https:\/\/nikipholie.eu\/wp-content\/uploads\/2022\/11\/IMG_0489-scaled.jpeg\",\"width\":1920,\"height\":2560},{\"@type\":\"WebPage\",\"@id\":\"https:\/\/nikipholie.eu\/en\/product\/un-double-regard-sur-2000-ans-dart-wallon-sous-la-direction-disabelle-gerard\/#webpage\",\"url\":\"https:\/\/nikipholie.eu\/en\/product\/un-double-regard-sur-2000-ans-dart-wallon-sous-la-direction-disabelle-gerard\/\",\"name\":\"\\\"Un double regard sur 2000 ans d'art wallon\\\" sous la direction d'Isabelle G\\u00e9rard - Niki Pholie\",\"isPartOf\":{\"@id\":\"https:\/\/nikipholie.eu\/#website\"},\"primaryImageOfPage\":{\"@id\":\"https:\/\/nikipholie.eu\/en\/product\/un-double-regard-sur-2000-ans-dart-wallon-sous-la-direction-disabelle-gerard\/#primaryimage\"},\"datePublished\":\"2022-11-21T14:12:39+00:00\",\"dateModified\":\"2023-09-11T14:25:35+00:00\",\"breadcrumb\":{\"@id\":\"https:\/\/nikipholie.eu\/en\/product\/un-double-regard-sur-2000-ans-dart-wallon-sous-la-direction-disabelle-gerard\/#breadcrumb\"},\"inLanguage\":\"en-US\",\"potentialAction\":[{\"@type\":\"ReadAction\",\"target\":[\"https:\/\/nikipholie.eu\/en\/product\/un-double-regard-sur-2000-ans-dart-wallon-sous-la-direction-disabelle-gerard\/\"]}]},{\"@type\":\"BreadcrumbList\",\"@id\":\"https:\/\/nikipholie.eu\/en\/product\/un-double-regard-sur-2000-ans-dart-wallon-sous-la-direction-disabelle-gerard\/#breadcrumb\",\"itemListElement\":[{\"@type\":\"ListItem\",\"position\":1,\"name\":\"Accueil\",\"item\":\"http:\/\/nikipholie.eu\/en\/\"},{\"@type\":\"ListItem\",\"position\":2,\"name\":\"Boutique\",\"item\":\"http:\/\/nikipholie.eu\/en\/shop\/\"},{\"@type\":\"ListItem\",\"position\":3,\"name\":\"&#8220;Un double regard sur 2000 ans d&#8217;art wallon&#8221; sous la direction d&#8217;Isabelle G\\u00e9rard\"}]}]}<\/script>\n<!-- \/ Yoast SEO plugin. -->","yoast_head_json":{"title":"\"Un double regard sur 2000 ans d'art wallon\" sous la direction d'Isabelle G\u00e9rard - Niki Pholie","robots":{"index":"index","follow":"follow","max-snippet":"max-snippet:-1","max-image-preview":"max-image-preview:large","max-video-preview":"max-video-preview:-1"},"canonical":"https:\/\/nikipholie.eu\/en\/product\/un-double-regard-sur-2000-ans-dart-wallon-sous-la-direction-disabelle-gerard\/","og_locale":"en_US","og_type":"article","og_title":"\"Un double regard sur 2000 ans d'art wallon\" sous la direction d'Isabelle G\u00e9rard - Niki Pholie","og_description":"Tr\u00e8s beau livre sur le patrimoine wallon : peinture, orf\u00e8vrerie, mobilier, textiles, estampe, dentelles, verre,&#8230;. Edition cartonn\u00e9e de 568 pages. Ed. Renaissance du livre, collection R\u00e9f\u00e9rences. Tr\u00e8s bel \u00e9tat. &nbsp;","og_url":"https:\/\/nikipholie.eu\/en\/product\/un-double-regard-sur-2000-ans-dart-wallon-sous-la-direction-disabelle-gerard\/","og_site_name":"Niki Pholie","article_modified_time":"2023-09-11T14:25:35+00:00","og_image":[{"width":1920,"height":2560,"url":"http:\/\/nikipholie.eu\/wp-content\/uploads\/2022\/11\/IMG_0489-scaled.jpeg","type":"image\/jpeg"}],"twitter_card":"summary_large_image","schema":{"@context":"https:\/\/schema.org","@graph":[{"@type":"WebSite","@id":"https:\/\/nikipholie.eu\/#website","url":"https:\/\/nikipholie.eu\/","name":"Niki Pholie","description":"Art ancien - Art contemporain","potentialAction":[{"@type":"SearchAction","target":{"@type":"EntryPoint","urlTemplate":"https:\/\/nikipholie.eu\/?s={search_term_string}"},"query-input":"required name=search_term_string"}],"inLanguage":"en-US"},{"@type":"ImageObject","@id":"https:\/\/nikipholie.eu\/en\/product\/un-double-regard-sur-2000-ans-dart-wallon-sous-la-direction-disabelle-gerard\/#primaryimage","inLanguage":"en-US","url":"https:\/\/nikipholie.eu\/wp-content\/uploads\/2022\/11\/IMG_0489-scaled.jpeg","contentUrl":"https:\/\/nikipholie.eu\/wp-content\/uploads\/2022\/11\/IMG_0489-scaled.jpeg","width":1920,"height":2560},{"@type":"WebPage","@id":"https:\/\/nikipholie.eu\/en\/product\/un-double-regard-sur-2000-ans-dart-wallon-sous-la-direction-disabelle-gerard\/#webpage","url":"https:\/\/nikipholie.eu\/en\/product\/un-double-regard-sur-2000-ans-dart-wallon-sous-la-direction-disabelle-gerard\/","name":"\"Un double regard sur 2000 ans d'art wallon\" sous la direction d'Isabelle G\u00e9rard - Niki Pholie","isPartOf":{"@id":"https:\/\/nikipholie.eu\/#website"},"primaryImageOfPage":{"@id":"https:\/\/nikipholie.eu\/en\/product\/un-double-regard-sur-2000-ans-dart-wallon-sous-la-direction-disabelle-gerard\/#primaryimage"},"datePublished":"2022-11-21T14:12:39+00:00","dateModified":"2023-09-11T14:25:35+00:00","breadcrumb":{"@id":"https:\/\/nikipholie.eu\/en\/product\/un-double-regard-sur-2000-ans-dart-wallon-sous-la-direction-disabelle-gerard\/#breadcrumb"},"inLanguage":"en-US","potentialAction":[{"@type":"ReadAction","target":["https:\/\/nikipholie.eu\/en\/product\/un-double-regard-sur-2000-ans-dart-wallon-sous-la-direction-disabelle-gerard\/"]}]},{"@type":"BreadcrumbList","@id":"https:\/\/nikipholie.eu\/en\/product\/un-double-regard-sur-2000-ans-dart-wallon-sous-la-direction-disabelle-gerard\/#breadcrumb","itemListElement":[{"@type":"ListItem","position":1,"name":"Accueil","item":"http:\/\/nikipholie.eu\/en\/"},{"@type":"ListItem","position":2,"name":"Boutique","item":"http:\/\/nikipholie.eu\/en\/shop\/"},{"@type":"ListItem","position":3,"name":"&#8220;Un double regard sur 2000 ans d&#8217;art wallon&#8221; sous la direction d&#8217;Isabelle G\u00e9rard"}]}]}},"_links":{"self":[{"href":"https:\/\/nikipholie.eu\/en\/wp-json\/wp\/v2\/product\/6022"}],"collection":[{"href":"https:\/\/nikipholie.eu\/en\/wp-json\/wp\/v2\/product"}],"about":[{"href":"https:\/\/nikipholie.eu\/en\/wp-json\/wp\/v2\/types\/product"}],"replies":[{"embeddable":true,"href":"https:\/\/nikipholie.eu\/en\/wp-json\/wp\/v2\/comments?post=6022"}],"wp:featuredmedia":[{"embeddable":true,"href":"https:\/\/nikipholie.eu\/en\/wp-json\/wp\/v2\/media\/5995"}],"wp:attachment":[{"href":"https:\/\/nikipholie.eu\/en\/wp-json\/wp\/v2\/media?parent=6022"}],"wp:term":[{"taxonomy":"product_cat","embeddable":true,"href":"https:\/\/nikipholie.eu\/en\/wp-json\/wp\/v2\/product_cat?post=6022"},{"taxonomy":"product_tag","embeddable":true,"href":"https:\/\/nikipholie.eu\/en\/wp-json\/wp\/v2\/product_tag?post=6022"}],"curies":[{"name":"wp","href":"https:\/\/api.w.org\/{rel}","templated":true}]}}

&#8220;Un double regard sur 2000 ans d&#8217;art wallon&#8221; sous la direction d&#8217;Isabelle Gérard

<p>Très beau livre sur le patrimoine wallon : peinture, orfèvrerie, mobilier, textiles, estampe, dentelles, verre,&#8230;.</p>
<p>Edition cartonnée de 568 pages.</p>
<p>Ed. Renaissance du livre, collection Références.</p>
<p>Très bel état.</p>
<p>&nbsp;</p>

<p>Très beau livre sur le patrimoine wallon : peinture, orfèvrerie, mobilier, textiles, estampe, dentelles, verre,&#8230;. Edition cartonnée de 568 pages. Ed. Renaissance du livre, collection Références. Très bel état. &nbsp;</p>

<!-- This site is optimized with the Yoast SEO plugin v17.6 - https://yoast.com/wordpress/plugins/seo/ -->
<title>&quot;Un double regard sur 2000 ans d&#039;art wallon&quot; sous la direction d&#039;Isabelle Gérard - Niki Pholie</title>
<meta name="robots" content="index, follow, max-snippet:-1, max-image-preview:large, max-video-preview:-1" />
<link rel="canonical" href="https://nikipholie.eu/en/product/un-double-regard-sur-2000-ans-dart-wallon-sous-la-direction-disabelle-gerard/" />
<meta property="og:locale" content="en_US" />
<meta property="og:type" content="article" />
<meta property="og:title" content="&quot;Un double regard sur 2000 ans d&#039;art wallon&quot; sous la direction d&#039;Isabelle Gérard - Niki Pholie" />
<meta property="og:description" content="Très beau livre sur le patrimoine wallon : peinture, orfèvrerie, mobilier, textiles, estampe, dentelles, verre,&#8230;. Edition cartonnée de 568 pages. Ed. Renaissance du livre, collection Références. Très bel état. &nbsp;" />
<meta property="og:url" content="https://nikipholie.eu/en/product/un-double-regard-sur-2000-ans-dart-wallon-sous-la-direction-disabelle-gerard/" />
<meta property="og:site_name" content="Niki Pholie" />
<meta property="article:modified_time" content="2023-09-11T14:25:35+00:00" />
<meta property="og:image" content="http://nikipholie.eu/wp-content/uploads/2022/11/IMG_0489-scaled.jpeg" />
	<meta property="og:image:width" content="1920" />
	<meta property="og:image:height" content="2560" />
<meta name="twitter:card" content="summary_large_image" />
<script type="application/ld+json" class="yoast-schema-graph">{"@context":"https://schema.org","@graph":[{"@type":"WebSite","@id":"https://nikipholie.eu/#website","url":"https://nikipholie.eu/","name":"Niki Pholie","description":"Art ancien - Art contemporain","potentialAction":[{"@type":"SearchAction","target":{"@type":"EntryPoint","urlTemplate":"https://nikipholie.eu/?s={search_term_string}"},"query-input":"required name=search_term_string"}],"inLanguage":"en-US"},{"@type":"ImageObject","@id":"https://nikipholie.eu/en/product/un-double-regard-sur-2000-ans-dart-wallon-sous-la-direction-disabelle-gerard/#primaryimage","inLanguage":"en-US","url":"https://nikipholie.eu/wp-content/uploads/2022/11/IMG_0489-scaled.jpeg","contentUrl":"https://nikipholie.eu/wp-content/uploads/2022/11/IMG_0489-scaled.jpeg","width":1920,"height":2560},{"@type":"WebPage","@id":"https://nikipholie.eu/en/product/un-double-regard-sur-2000-ans-dart-wallon-sous-la-direction-disabelle-gerard/#webpage","url":"https://nikipholie.eu/en/product/un-double-regard-sur-2000-ans-dart-wallon-sous-la-direction-disabelle-gerard/","name":"\"Un double regard sur 2000 ans d'art wallon\" sous la direction d'Isabelle G\u00e9rard - Niki Pholie","isPartOf":{"@id":"https://nikipholie.eu/#website"},"primaryImageOfPage":{"@id":"https://nikipholie.eu/en/product/un-double-regard-sur-2000-ans-dart-wallon-sous-la-direction-disabelle-gerard/#primaryimage"},"datePublished":"2022-11-21T14:12:39+00:00","dateModified":"2023-09-11T14:25:35+00:00","breadcrumb":{"@id":"https://nikipholie.eu/en/product/un-double-regard-sur-2000-ans-dart-wallon-sous-la-direction-disabelle-gerard/#breadcrumb"},"inLanguage":"en-US","potentialAction":[{"@type":"ReadAction","target":["https://nikipholie.eu/en/product/un-double-regard-sur-2000-ans-dart-wallon-sous-la-direction-disabelle-gerard/"]}]},{"@type":"BreadcrumbList","@id":"https://nikipholie.eu/en/product/un-double-regard-sur-2000-ans-dart-wallon-sous-la-direction-disabelle-gerard/#breadcrumb","itemListElement":[{"@type":"ListItem","position":1,"name":"Accueil","item":"http://nikipholie.eu/en/"},{"@type":"ListItem","position":2,"name":"Boutique","item":"http://nikipholie.eu/en/shop/"},{"@type":"ListItem","position":3,"name":"&#8220;Un double regard sur 2000 ans d&#8217;art wallon&#8221; sous la direction d&#8217;Isabelle G\u00e9rard"}]}]}</script>
<!-- / Yoast SEO plugin. -->

"Un double regard sur 2000 ans d'art wallon" sous la direction d'Isabelle Gérard - Niki Pholie

Très beau livre sur le patrimoine wallon : peinture, orfèvrerie, mobilier, textiles, estampe, dentelles, verre,&#8230;. Edition cartonnée de 568 pages. Ed. Renaissance du livre, collection Références. Très bel état. &nbsp;
